be b(0). Suppose -3*k + 6 = -i*u - 4*u, 2*u = -4*k + 30. What are the prime factors of k?
2, 3
Let v(q) = -q. Let u be v(-4). Suppose -4*m = -2*z + 2, -5*m = 2*z + z - 14. Suppose -z*n - 2 = -3*b + u, -b = -5. List the prime factors of n.
3
Let f(y) = -51*y - 10. What are the prime factors of f(-2)?
2, 23
Let k be (-1)/(-4) - (-57)/12. Suppose -5*h = -5*u + 30, 22 = -h + k*u - 4. What are the prime factors of 1*(0/h + 10)?
2, 5
Let j = 86 - 18. What are the prime factors of j?
2, 17
Let g(k) = -17*k - 29. What are the prime factors of g(-10)?
3, 47
Let z(v) = -v**3 + 15*v**2 - 13*v + 11. What are the prime factors of z(14)?
5
Let g(j) = 5*j. Let k be g(-1). What are the prime factors of (-36)/k - 1/5?
7
Suppose -i + 52 = i. List the prime factors of i.
2, 13
Suppose -5*y = -j - 4*j + 315, -181 = -3*j + y. What are the prime factors of j?
59
Let r = -8 - -14. What are the prime factors of r?
2, 3
Let u be -3 - (2 - 2 - 20). Suppose 0 = 2*l - 33 - u. What are the prime factors of l?
5
Let m(j) = j**2 + 8*j - 5. Let c be m(-9). Suppose c*n = -n + 25. What are the prime factors of n?
5
Let y = 31 - 27. List the prime factors of y.
2
Suppose b + b + 10 = 2*h, -5*b = -4*h + 25. Suppose z = -h*z + 9. Let r = z + -5. List the prime factors of r.
2
Let s(i) be the second derivative of i**4/6 + 5*i**3/6 - 3*i**2/2 + 6*i. List the prime factors of s(3).
2, 3, 5
Suppose -4*z - z = -30. List the prime factors of (16/3)/(2/z).
2
Suppose 5*y + 43 = -l, l + 71 = 2*y + 28. Let m be -18*15*(-2)/(-9). Let z = l - m. List the prime factors of z.
17
Let n = -25 - -50. What are the prime factors of n?
5
Let d(n) = n**2 + 3*n. Let o be d(-2). Let u(m) be the third derivative of -m**4/6 - m**3/3 - 7*m**2. What are the prime factors of u(o)?
2, 3
Suppose -4*d - 12 = 12. Let z = d + 29. What are the prime factors of z?
23
Let h(y) = -4*y + 13. Let z(w) = -w + 1. Let q(t) = h(t) - 3*z(t). Let s = 0 - 0. What are the prime factors of q(s)?
2, 5
Suppose 42 = 5*s + 2*h - 6, 0 = -4*h - 4. What are the prime factors of s?
2, 5
Suppose 0 = 34*l - 37*l + 1050. What are the prime factors of l?
2, 5, 7
Suppose 2*k = 5*i - 8 - 32, 3*k + 5*i + 10 = 0. Let q be (-60)/(-25) + 4/k. Suppose 0 = -2*n + q*l - 0*l, 4*l = n + 15. What are the prime factors of n?
5
Let v be (-5 + 2)/((-6)/(-28)). Let x = -21 - v. Let r(w) = -w**2 - 9*w - 3. List the prime factors of r(x).
11
Let f be (-4)/(-14) - (-16)/(-7). Let a be f/2 - (-6)/1. Suppose 30 + 0 = a*z. List the prime factors of z.
2, 3
Suppose 0*y - 5*y = s + 115, 4*y = 5*s - 63. Let z be 2/(-11) + (-4)/y. Suppose z = u - 6*u + 20. List the prime factors of u.
2
Let i(z) = 22*z + 17. List the prime factors of i(4).
3, 5, 7
Let k = 5 + -3. List the prime factors of 4/k - (2 - 3).
3
Let f be (-2)/10 - 16/(-5). Suppose o + f - 14 = 0. What are the prime factors of o?
11
Suppose -560 = -8*y - 0*y. What are the prime factors of y?
2, 5, 7
List the prime factors of 72/(-15)*(-4 + -1).
2, 3
Suppose 0*b = -3*b - 18. Let m = 10 + b. List the prime factors of m.
2
Let s(p) = p**2 - p - 4. List the prime factors of s(8).
2, 13
Suppose 3*o - 6*o = 4*x - 413, 5*o + x = 711. List the prime factors of o.
11, 13
Suppose -2*u = -2*j - 6*u + 28, -3*u = -3*j - 3. Suppose 3*y - 84 = -j*r + y, -r + 4*y = -12. Suppose -6*l = -l - r. List the prime factors of l.
2
Suppose -3*a = -11 - 4. Suppose -a*m = -m - 8. What are the prime factors of m?
2
List the prime factors of 0 - (-3)/15 - (-454)/5.
7, 13
Suppose 3 = 5*x + 33. Let w be (-3)/(3/x*3). Suppose 3*l - 30 = -w*l. What are the prime factors of l?
2, 3
Let o(q) = -45*q + 5. List the prime factors of o(-1).
2, 5
Suppose 5*h = -0*x + x + 65, -2*h = x - 19. What are the prime factors of ((-123)/h)/(6/(-24))?
41
Suppose -3*d + 3*w - 24 = 0, 4*d + 2*w + 12 = 2*d. Let n(s) = s**3 + 8*s**2 + 7*s + 4. Let j be n(d). List the prime factors of j + (0 - (-1)/(-1)).
3
Suppose -o + 60 = o - 2*m, -o + 2*m = -33. What are the prime factors of o?
3
Suppose -4 = -3*n - n. Let d be (-8 - 9/(-3))/n. What are the prime factors of 1/d + (-36)/(-5)?
7
Suppose -5*v + j = -9 + 22, 2 = -j. Let l(h) = -14*h - 6. List the prime factors of l(v).
2, 3
Let a = 213 - 92. What are the prime factors of a?
11
Suppose -4*j - 4 = 12, -2*a + 26 = -4*j. Suppose -6 - 4 = -a*q - 2*p, 0 = 5*p. Suppose -q*v + 5 = -15. What are the prime factors of v?
2, 5
What are the prime factors of (-168)/((-3)/1) - 5/5?
5, 11
Suppose -2*q - 1 + 7 = 0. List the prime factors of (q/(-6))/(1/(-26)).
13
Let c(a) = a**3 + a**2 - a - 8. Let w be c(0). List the prime factors of (w - -2)/(-3) + 3.
5
Let t be (-2)/((-40)/18 + 2). Suppose 4*g + t = -5*y + 99, g = -4*y + 17. Let n = g - 14. List the prime factors of n.
11
Let r be (-3 + 1)/(4/1110). Let d be (-2)/(-4) + r/(-10). List the prime factors of 5/(-15) - d/(-6).
3
Let r(n) = n**2 + 4*n - 8. What are the prime factors of r(-6)?
2
Suppose -3*k + 8 = -1. Suppose 0 = 2*f + 2, k*f = -2*c - f + 12. What are the prime factors of c?
2
Let c(f) = -3*f + 2. Let w(a) = -12*a + 9. Let z(h) = -18*c(h) + 4*w(h). Suppose 5*d - 6 = 2*d. List the prime factors of z(d).
2, 3
List the prime factors of 776/(-5)*(2 - 27/6).
2, 97
Let g = -58 - -87. What are the prime factors of g?
29
Let i = -20 - -23. Suppose -72 = i*t - 6*t. What are the prime factors of t?
2, 3
Suppose -2*o + 48 = -38. Suppose -40 = -5*m + 5*d, -5*m + 22 = 3*d + 6. Suppose 4*v = m*p - 19, v = -5*p - v + o. What are the prime factors of p?
7
Let k(x) = -x**3 - x**2 - 4. Let n be k(0). Let t = 7 + n. Suppose -3*v + 3 = -t. What are the prime factors of v?
2
Let d(c) be the second derivative of c**7/2520 + c**5/60 - c**4/4 - 4*c. Let w(k) be the third derivative of d(k). What are the prime factors of w(4)?
2, 3
Suppose -3*y = -n - 85, -4*n + 5*n - 83 = -3*y. Let s be (-6)/10 - y/(-5). Suppose -u + s = -1. What are the prime factors of u?
2, 3
Let t = 23 - -9. Let r = -17 + t. What are the prime factors of r?
3, 5
Let q(j) = 46*j - 3. List the prime factors of q(2).
89
Let k = 230 + -65. What are the prime factors of k?
3, 5, 11
List the prime factors of (-12)/8*130/15*-29.
13, 29
What are the prime factors of -2*(-4)/(-8) - -166?
3, 5, 11
Let n(m) = m - 7. Let y be n(10). Let i = 18 - y. List the prime factors of i.
3, 5
Let j be 2/6 + (-8)/(-3). Suppose -6 = 2*b, b = v + j*b. What are the prime factors of 145/15 - 4/v?
3
Let j be 84/6*(-2)/4. Suppose 3*n - 62 = -14. Let l = j + n. List the prime factors of l.
3
Suppose -2*q = 3*q + 35. Let j = -5 - q. Suppose f = -x + 15, 2*f + j = 3*x - 28. List the prime factors of x.
2, 3
Let j(y) = -y**3 + 6*y**2 + 4. Let a be j(6). Let d = 3 + a. Let c = 0 + d. List the prime factors of c.
7
Let o = 38 + -17. List the prime factors of o.
3, 7
Let y = -4 - -4. Suppose -p + 0*p + 1 = y. What are the prime factors of p*-3*(-10)/3?
2, 5
Let b(y) = 2*y + 3 + y - 3. List the prime factors of b(1).
3
Let k(c) be the first derivative of -c**3/3 - 5*c**2/2 + 2. Let r be k(-5). What are the prime factors of (r + 1)/(8/32)?
2
Suppose -y = 4*o - 3*y - 190, -3*o + 165 = 3*y. Suppose -o = -5*w + n, 5*n = -3*w + 20 + 10. Suppose -w = h - 3*h. List the prime factors of h.
5
Let s(n) = 20*n**2 - 11*n. Let m(y) = -7*y**2 + 4*y. Let k(h) = 17*m(h) + 6*s(h). List the prime factors of k(-4).
2
Suppose a = 27 + 63. List the prime factors of a.
2, 3, 5
Let y = -9 + 9. Suppose y = -3*c + 8 + 4. What are the prime factors of c?
2
Let z be (-99)/(-21) + (-4)/(-14). Suppose 0*i = -z*i - 5*v + 255, 0 = -2*i - 3*v + 101. Suppose -i - 53 = -5*d. List the prime factors of d.
3, 7
Suppose 2*h - 267 = -5*g + 266, -g + 97 = -2*h. Let j be g/12 + 2/8. Suppose 0 = 3*f - 4*a - 27, 4*f + 5*a = -4 + j. List the prime factors of f.
5
Let m(a) = -9*a + 11. Let l be (-5)/(0 - 1 - -2). List the prime factors of m(l).
2, 7
Let r(g) be the second derivative of -g**5/20 - g**4/3 + g**3/2 - 2*g**2 + 4*g. List the prime factors of r(-5).
2, 3
Let q be (-15)/(-10)*10/3. Suppose j = -q*f + 16, 2*j + 7 = f + 2*f. What are the prime factors of f?
3
Suppose h + 0*h + 10 = 0. Let k = h - -15. What are the prime factors of k?
5
Suppose 3*l - 3*j - 154 - 8 = 0, 305 = 5*l + 2*j. Suppose -2*v = -3*c + l, 0*v - 11 = -c + 5*v. What are the prime factors of c?
3, 7
Suppose 5*q = -x -